{"id":2494,"date":"2023-05-02T13:05:45","date_gmt":"2023-05-02T13:05:45","guid":{"rendered":"https:\/\/camilleon.hu\/?page_id=2494"},"modified":"2023-05-02T15:55:45","modified_gmt":"2023-05-02T15:55:45","slug":"munkahelyi-kepzesek","status":"publish","type":"page","link":"https:\/\/camilleon.hu\/?page_id=2494","title":{"rendered":"Munkahelyi k\u00e9pz\u00e9sek megval\u00f3s\u00edt\u00e1sa a Camilleon Kft-n\u00e9l"},"content":{"rendered":"\t\t<div data-elementor-type=\"wp-page\" data-elementor-id=\"2494\" class=\"elementor elementor-2494\">\n\t\t\t\t\t\t<header class=\"elementor-section elementor-top-section elementor-element elementor-element-7ffe3f4d elementor-section-content-middle animated-slow elementor-section-full_width elementor-section-stretched elementor-section-height-default elementor-section-height-default elementor-invisible\" data-id=\"7ffe3f4d\" data-element_type=\"section\" data-settings=\"{&quot;background_background&quot;:&quot;classic&quot;,&quot;shape_divider_bottom&quot;:&quot;arrow&quot;,&quot;shape_divider_bottom_negative&quot;:&quot;yes&quot;,&quot;animation&quot;:&quot;fadeIn&quot;,&quot;stretch_section&quot;:&quot;section-stretched&quot;}\">\n\t\t\t\t\t\t\t<div class=\"elementor-background-overlay\"><\/div>\n\t\t\t\t\t\t<div class=\"elementor-shape elementor-shape-bottom\" aria-hidden=\"true\" data-negative=\"true\">\n\t\t\t<svg xmlns=\"http:\/\/www.w3.org\/2000\/svg\" viewBox=\"0 0 700 10\" preserveAspectRatio=\"none\">\n\t<path class=\"elementor-shape-fill\" d=\"M360 0L350 9.9 340 0 0 0 0 10 700 10 700 0\"\/>\n<\/svg>\t\t<\/div>\n\t\t\t\t\t<div class=\"elementor-container elementor-column-gap-default\">\n\t\t\t\t\t<div class=\"elementor-column elementor-col-100 elementor-top-column elementor-element elementor-element-1f50ee0b\" data-id=\"1f50ee0b\" data-element_type=\"column\">\n\t\t\t<div class=\"elementor-widget-wrap elementor-element-populated\">\n\t\t\t\t\t\t<div class=\"elementor-element elementor-element-27d9af16 elementor-widget elementor-widget-heading\" data-id=\"27d9af16\" data-element_type=\"widget\" data-widget_type=\"heading.default\">\n\t\t\t\t<div class=\"elementor-widget-container\">\n\t\t\t\t\t<h2 class=\"elementor-heading-title elementor-size-default\">P\u00e1ly\u00e1zatok<\/h2>\t\t\t\t<\/div>\n\t\t\t\t<\/div>\n\t\t\t\t\t<\/div>\n\t\t<\/div>\n\t\t\t\t\t<\/div>\n\t\t<\/header>\n\t\t\t\t<section class=\"elementor-section elementor-top-section elementor-element elementor-element-7fd57624 elementor-section-full_width elementor-section-stretched elementor-section-height-default elementor-section-height-default\" data-id=\"7fd57624\" data-element_type=\"section\" data-settings=\"{&quot;stretch_section&quot;:&quot;section-stretched&quot;}\">\n\t\t\t\t\t\t<div class=\"elementor-container elementor-column-gap-default\">\n\t\t\t\t\t<div class=\"elementor-column elementor-col-100 elementor-top-column elementor-element elementor-element-7fdcf6c6\" data-id=\"7fdcf6c6\" data-element_type=\"column\">\n\t\t\t<div class=\"elementor-widget-wrap elementor-element-populated\">\n\t\t\t\t\t\t<div class=\"elementor-element elementor-element-74675ea8 elementor-widget elementor-widget-heading\" data-id=\"74675ea8\" data-element_type=\"widget\" data-widget_type=\"heading.default\">\n\t\t\t\t<div class=\"elementor-widget-container\">\n\t\t\t\t\t<h3 class=\"elementor-heading-title elementor-size-default\">Munkahelyi k\u00e9pz\u00e9sek megval\u00f3s\u00edt\u00e1sa a Camilleon Kft-n\u00e9l<\/h3>\t\t\t\t<\/div>\n\t\t\t\t<\/div>\n\t\t\t\t\t<\/div>\n\t\t<\/div>\n\t\t\t\t\t<\/div>\n\t\t<\/section>\n\t\t\t\t<section class=\"elementor-section elementor-top-section elementor-element elementor-element-0e452d5 elementor-section-full_width elementor-section-stretched elementor-section-height-default elementor-section-height-default\" data-id=\"0e452d5\" data-element_type=\"section\" data-settings=\"{&quot;stretch_section&quot;:&quot;section-stretched&quot;}\">\n\t\t\t\t\t\t<div class=\"elementor-container elementor-column-gap-default\">\n\t\t\t\t\t<div class=\"elementor-column elementor-col-66 elementor-top-column elementor-element elementor-element-3debfb8\" data-id=\"3debfb8\" data-element_type=\"column\">\n\t\t\t<div class=\"elementor-widget-wrap elementor-element-populated\">\n\t\t\t\t\t\t<div class=\"elementor-element elementor-element-432b3ae elementor-widget__width-initial elementor-widget elementor-widget-heading\" data-id=\"432b3ae\" data-element_type=\"widget\" data-widget_type=\"heading.default\">\n\t\t\t\t<div class=\"elementor-widget-container\">\n\t\t\t\t\t<h3 class=\"elementor-heading-title elementor-size-default\">PROJEKT R\u00d6VID BEMUTAT\u00c1SA:<\/h3>\t\t\t\t<\/div>\n\t\t\t\t<\/div>\n\t\t\t\t<div class=\"elementor-element elementor-element-64cdb2e elementor-widget elementor-widget-text-editor\" data-id=\"64cdb2e\" data-element_type=\"widget\" data-widget_type=\"text-editor.default\">\n\t\t\t\t<div class=\"elementor-widget-container\">\n\t\t\t\t\t\t\t\t\t<p><br \/>Jelen projekt keret\u00e9ben a hum\u00e1ner\u0151forr\u00e1s fejleszt\u00e9s\u00e9hez kapcsol\u00f3d\u00f3an az al\u00e1bbi tev\u00e9kenys\u00e9gek val\u00f3sultak meg, amelyek a COVID-19 miatt kisebb-nagyobb m\u00e9rt\u00e9kben v\u00e1ltoztak az eredetileg tervezett tev\u00e9kenys\u00e9gekhez k\u00e9pest:<\/p>\t\t\t\t\t\t\t\t<\/div>\n\t\t\t\t<\/div>\n\t\t\t\t\t<\/div>\n\t\t<\/div>\n\t\t\t\t<div class=\"elementor-column elementor-col-33 elementor-top-column elementor-element elementor-element-3696fce\" data-id=\"3696fce\" data-element_type=\"column\">\n\t\t\t<div class=\"elementor-widget-wrap elementor-element-populated\">\n\t\t\t\t\t\t<div class=\"elementor-element elementor-element-239fcb7 elementor-widget elementor-widget-image\" data-id=\"239fcb7\" data-element_type=\"widget\" data-widget_type=\"image.default\">\n\t\t\t\t<div class=\"elementor-widget-container\">\n\t\t\t\t\t\t\t\t\t\t\t\t\t\t\t<img fetchpriority=\"high\" decoding=\"async\" width=\"743\" height=\"513\" src=\"https:\/\/camilleon.hu\/wp-content\/uploads\/2023\/05\/ESZA-logo.png\" class=\"attachment-full size-full wp-image-2497\" alt=\"\" srcset=\"https:\/\/camilleon.hu\/wp-content\/uploads\/2023\/05\/ESZA-logo.png 743w, https:\/\/camilleon.hu\/wp-content\/uploads\/2023\/05\/ESZA-logo-300x207.png 300w, https:\/\/camilleon.hu\/wp-content\/uploads\/2023\/05\/ESZA-logo-600x414.png 600w\" sizes=\"(max-width: 743px) 100vw, 743px\" \/>\t\t\t\t\t\t\t\t\t\t\t\t\t\t\t<\/div>\n\t\t\t\t<\/div>\n\t\t\t\t\t<\/div>\n\t\t<\/div>\n\t\t\t\t\t<\/div>\n\t\t<\/section>\n\t\t\t\t<section class=\"elementor-section elementor-top-section elementor-element elementor-element-becd7ab elementor-section-full_width elementor-section-stretched elementor-section-height-default elementor-section-height-default\" data-id=\"becd7ab\" data-element_type=\"section\" data-settings=\"{&quot;stretch_section&quot;:&quot;section-stretched&quot;}\">\n\t\t\t\t\t\t<div class=\"elementor-container elementor-column-gap-default\">\n\t\t\t\t\t<div class=\"elementor-column elementor-col-100 elementor-top-column elementor-element elementor-element-1f107cf\" data-id=\"1f107cf\" data-element_type=\"column\">\n\t\t\t<div class=\"elementor-widget-wrap elementor-element-populated\">\n\t\t\t\t\t\t<div class=\"elementor-element elementor-element-357858b elementor-widget elementor-widget-text-editor\" data-id=\"357858b\" data-element_type=\"widget\" data-widget_type=\"text-editor.default\">\n\t\t\t\t<div class=\"elementor-widget-container\">\n\t\t\t\t\t\t\t\t\t<p>1. Projekt el\u0151k\u00e9sz\u00edt\u00e9si k\u00f6lts\u00e9g: a k\u00e9pz\u00e9si terv kialak\u00edt\u00e1s\u00e1t, az el\u0151zetes ig\u00e9nyfelm\u00e9r\u00e9s elk\u00e9sz\u00edt\u00e9s\u00e9t tartalmazta a 756 000,- Ft. A k\u00e9pz\u00e9sek \u00f6ssze\u00e1ll\u00edt\u00e1s\u00e1t megel\u0151z\u0151en felm\u00e9r\u00e9sre ker\u00fcltek a munkav\u00e1llal\u00f3i \u00e9s v\u00e1llalati k\u00e9pz\u00e9si ig\u00e9nyek, majd azok \u00f6sszehangol\u00e1s\u00e1t k\u00f6vet\u0151en kialak\u00edt\u00e1sra ker\u00fclt a k\u00e9pz\u00e9si terv.K\u00fcls\u0151 szem\u00e9lyek nem ker\u00fcltek bevon\u00e1sra. A k\u00e9pz\u00e9sek \u00fctemez\u00e9s\u00e9n\u00e9l kiemelt figyelmet kellett ford\u00edtani a c\u00e9g napi m\u0171k\u00f6d\u00e9s\u00e9re, a szezon\u00e1lis id\u0151szakokkal \u00f6sszehangolni az egyes oktat\u00e1sokat. Minden oktat\u00e1snak a c\u00e9g sz\u00e9khelye adott otthont, ahol az \u00fajonnan kialak\u00edtott irodah\u00e1z megfelel\u0151 k\u00f6rnyezetet biztos\u00edtott, ahol a t\u00e1rgyi felt\u00e9telek is adottak voltak.<br \/>2. Projekt menedzsment k\u00f6lts\u00e9g: A k\u00e9pz\u00e9si id\u0151re, azaz 18 h\u00f3napra es\u0151 k\u00fcls\u0151 szolg\u00e1ltat\u00f3 k\u00f6lts\u00e9g\u00e9t tartalmazta az 1 980 eFt. A projekt menedzsment tagjai egyr\u00e9szt k\u00fcls\u0151 szervezet \u00e1ltal deleg\u00e1lt tagokb\u00f3l, Tarkov\u00e1cs Anita Eszter, k\u00f6zgazd\u00e1sz, projekt menedzser, Darm\u00f3 Magdolna, b\u00f6lcs\u00e9sz tan\u00e1r, HR szak\u00e9rt\u0151, szakmai vezet\u0151 valamint a c\u00e9g k\u00e9t alkalmazottj\u00e1b\u00f3l \u00e1llt: Somkutin\u00e9 Bitskey Katalin Kubanek Kadocsa seg\u00edtett\u00e9k a k\u00e9pz\u00e9sek koordin\u00e1l\u00e1s\u00e1t.<br \/>3. A szakmai megval\u00f3s\u00edt\u00e1sban k\u00f6zrem\u0171k\u00f6d\u0151 munkat\u00e1rsak b\u00e9rk\u00f6lts\u00e9gei is elsz\u00e1mol\u00e1sra ker\u00fcltek a projekt sor\u00e1n: mind Somkutin\u00e9 Bitskey Katalin, mind pedig Kubnek Kadocsa heti 8 \u00f3r\u00e1ban foglalkoztak a k\u00e9pz\u00e9sek c\u00e9gen bel\u00fcli szervez\u00e9s\u00e9vel, lebonyol\u00edt\u00e1s\u00e1val.<br \/>4. A projekt keret\u00e9ben megtartott 10 db k\u00e9pz\u00e9s \u00f6sszk\u00f6lts\u00e9ge 18 353eFt, amely tartalmazta az 53 munkav\u00e1llal\u00f3 ig\u00e9ny szerint kialak\u00edtott k\u00e9pz\u00e9si terv\u00e9nek megval\u00f3s\u00edt\u00e1s\u00e1t.<br \/>5. A k\u00e9pz\u00e9si id\u0151ben elsz\u00e1mol\u00e1sra ker\u00fcl\u0151 c\u00e9lcsoport b\u00e9r-\u00e9s j\u00e1rul\u00e9k k\u00f6lts\u00e9ge 9 697eFt volt.<br \/>6. A nyilv\u00e1noss\u00e1g biztos\u00edt\u00e1sa \u00e9rdek\u00e9ben \u201eC\u201d t\u00edpus\u00fa t\u00e1bla ker\u00fclt kihelyez\u00e9sre, valamint a honlapon is felt\u00fcntet\u00e9sre ker\u00fcltek a t\u00e1mogat\u00e1s r\u00e9szletei.<\/p>\t\t\t\t\t\t\t\t<\/div>\n\t\t\t\t<\/div>\n\t\t\t\t\t<\/div>\n\t\t<\/div>\n\t\t\t\t\t<\/div>\n\t\t<\/section>\n\t\t\t\t<section class=\"elementor-section elementor-top-section elementor-element elementor-element-51e328c9 elementor-section-full_width elementor-section-stretched elementor-section-height-default elementor-section-height-default\" data-id=\"51e328c9\" data-element_type=\"section\" data-settings=\"{&quot;stretch_section&quot;:&quot;section-stretched&quot;}\">\n\t\t\t\t\t\t<div class=\"elementor-container elementor-column-gap-default\">\n\t\t\t\t\t<div class=\"elementor-column elementor-col-25 elementor-top-column elementor-element elementor-element-2932349b\" data-id=\"2932349b\" data-element_type=\"column\">\n\t\t\t<div class=\"elementor-widget-wrap elementor-element-populated\">\n\t\t\t\t\t\t<div class=\"elementor-element elementor-element-dac41c5 elementor-widget__width-initial elementor-widget elementor-widget-heading\" data-id=\"dac41c5\" data-element_type=\"widget\" data-widget_type=\"heading.default\">\n\t\t\t\t<div class=\"elementor-widget-container\">\n\t\t\t\t\t<h3 class=\"elementor-heading-title elementor-size-default\">PROJEKT AZONOS\u00cdT\u00d3 SZ\u00c1MA:<\/h3>\t\t\t\t<\/div>\n\t\t\t\t<\/div>\n\t\t\t\t<div class=\"elementor-element elementor-element-2ea24f9c elementor-widget elementor-widget-text-editor\" data-id=\"2ea24f9c\" data-element_type=\"widget\" data-widget_type=\"text-editor.default\">\n\t\t\t\t<div class=\"elementor-widget-container\">\n\t\t\t\t\t\t\t\t\t<p>VEKOP-8.5.3-17-2018-00090<\/p>\t\t\t\t\t\t\t\t<\/div>\n\t\t\t\t<\/div>\n\t\t\t\t\t<\/div>\n\t\t<\/div>\n\t\t\t\t<div class=\"elementor-column elementor-col-25 elementor-top-column elementor-element elementor-element-2c0afb9a\" data-id=\"2c0afb9a\" data-element_type=\"column\">\n\t\t\t<div class=\"elementor-widget-wrap elementor-element-populated\">\n\t\t\t\t\t\t<div class=\"elementor-element elementor-element-5ab04717 elementor-widget__width-initial elementor-widget elementor-widget-heading\" data-id=\"5ab04717\" data-element_type=\"widget\" data-widget_type=\"heading.default\">\n\t\t\t\t<div class=\"elementor-widget-container\">\n\t\t\t\t\t<h3 class=\"elementor-heading-title elementor-size-default\">A PROJEKT T\u00c9NYLEGES FIZIKAI BEFEJEZ\u00c9SE:<\/h3>\t\t\t\t<\/div>\n\t\t\t\t<\/div>\n\t\t\t\t<div class=\"elementor-element elementor-element-1ccf58cc elementor-widget elementor-widget-text-editor\" data-id=\"1ccf58cc\" data-element_type=\"widget\" data-widget_type=\"text-editor.default\">\n\t\t\t\t<div class=\"elementor-widget-container\">\n\t\t\t\t\t\t\t\t\t<p>2021. 10. 22.<\/p>\t\t\t\t\t\t\t\t<\/div>\n\t\t\t\t<\/div>\n\t\t\t\t\t<\/div>\n\t\t<\/div>\n\t\t\t\t<div class=\"elementor-column elementor-col-25 elementor-top-column elementor-element elementor-element-3f6f3feb\" data-id=\"3f6f3feb\" data-element_type=\"column\">\n\t\t\t<div class=\"elementor-widget-wrap elementor-element-populated\">\n\t\t\t\t\t\t<div class=\"elementor-element elementor-element-8b287ca elementor-widget__width-initial elementor-widget elementor-widget-heading\" data-id=\"8b287ca\" data-element_type=\"widget\" data-widget_type=\"heading.default\">\n\t\t\t\t<div class=\"elementor-widget-container\">\n\t\t\t\t\t<h3 class=\"elementor-heading-title elementor-size-default\">T\u00c1MOGAT\u00c1S INTEZNIT\u00c1SA:<\/h3>\t\t\t\t<\/div>\n\t\t\t\t<\/div>\n\t\t\t\t<div class=\"elementor-element elementor-element-30092f79 elementor-widget elementor-widget-text-editor\" data-id=\"30092f79\" data-element_type=\"widget\" data-widget_type=\"text-editor.default\">\n\t\t\t\t<div class=\"elementor-widget-container\">\n\t\t\t\t\t\t\t\t\t<p>100 %<\/p>\t\t\t\t\t\t\t\t<\/div>\n\t\t\t\t<\/div>\n\t\t\t\t\t<\/div>\n\t\t<\/div>\n\t\t\t\t<div class=\"elementor-column elementor-col-25 elementor-top-column elementor-element elementor-element-29e57884\" data-id=\"29e57884\" data-element_type=\"column\">\n\t\t\t<div class=\"elementor-widget-wrap elementor-element-populated\">\n\t\t\t\t\t\t<div class=\"elementor-element elementor-element-2f38c612 elementor-widget__width-initial elementor-widget elementor-widget-heading\" data-id=\"2f38c612\" data-element_type=\"widget\" data-widget_type=\"heading.default\">\n\t\t\t\t<div class=\"elementor-widget-container\">\n\t\t\t\t\t<h3 class=\"elementor-heading-title elementor-size-default\">SZERZ\u0150D\u00d6TT T\u00c1MOGAT\u00c1S \u00d6SSZEGE:\n<\/h3>\t\t\t\t<\/div>\n\t\t\t\t<\/div>\n\t\t\t\t<div class=\"elementor-element elementor-element-21577c37 elementor-widget elementor-widget-text-editor\" data-id=\"21577c37\" data-element_type=\"widget\" data-widget_type=\"text-editor.default\">\n\t\t\t\t<div class=\"elementor-widget-container\">\n\t\t\t\t\t\t\t\t\t<p>32 199 040<\/p>\t\t\t\t\t\t\t\t<\/div>\n\t\t\t\t<\/div>\n\t\t\t\t\t<\/div>\n\t\t<\/div>\n\t\t\t\t\t<\/div>\n\t\t<\/section>\n\t\t\t\t<\/div>\n\t\t","protected":false},"excerpt":{"rendered":"<p>P\u00e1ly\u00e1zatok Munkahelyi k\u00e9pz\u00e9sek megval\u00f3s\u00edt\u00e1sa a Camilleon Kft-n\u00e9l PROJEKT R\u00d6VID BEMUTAT\u00c1SA: Jelen projekt keret\u00e9ben a hum\u00e1ner\u0151forr\u00e1s fejleszt\u00e9s\u00e9hez kapcsol\u00f3d\u00f3an az al\u00e1bbi tev\u00e9kenys\u00e9gek val\u00f3sultak meg, amelyek a COVID-19 miatt kisebb-nagyobb m\u00e9rt\u00e9kben v\u00e1ltoztak az eredetileg tervezett tev\u00e9kenys\u00e9gekhez k\u00e9pest: 1. Projekt el\u0151k\u00e9sz\u00edt\u00e9si k\u00f6lts\u00e9g: a k\u00e9pz\u00e9si terv kialak\u00edt\u00e1s\u00e1t, az el\u0151zetes ig\u00e9nyfelm\u00e9r\u00e9s elk\u00e9sz\u00edt\u00e9s\u00e9t tartalmazta a 756 000,- Ft. A k\u00e9pz\u00e9sek \u00f6ssze\u00e1ll\u00edt\u00e1s\u00e1t megel\u0151z\u0151en&hellip;&nbsp;<a href=\"https:\/\/camilleon.hu\/?page_id=2494\" class=\"\" rel=\"bookmark\">Read More &raquo;<span class=\"screen-reader-text\">Munkahelyi k\u00e9pz\u00e9sek megval\u00f3s\u00edt\u00e1sa a Camilleon Kft-n\u00e9l<\/span><\/a><\/p>\n","protected":false},"author":1,"featured_media":0,"parent":0,"menu_order":0,"comment_status":"closed","ping_status":"closed","template":"","meta":{"neve_meta_sidebar":"","neve_meta_container":"","neve_meta_enable_content_width":"","neve_meta_content_width":0,"neve_meta_title_alignment":"","neve_meta_author_avatar":"","neve_post_elements_order":"","neve_meta_disable_header":"","neve_meta_disable_footer":"","neve_meta_disable_title":"on","pgc_sgb_lightbox_settings":"","footnotes":""},"class_list":["post-2494","page","type-page","status-publish","hentry"],"rttpg_featured_image_url":null,"rttpg_author":{"display_name":"camilleon","author_link":"https:\/\/camilleon.hu\/?author=1"},"rttpg_comment":0,"rttpg_category":" <a href=\"https:\/\/camilleon.hu\/\" rel=\"tag\">Magyar<\/a>","rttpg_excerpt":"P\u00e1ly\u00e1zatok Munkahelyi k\u00e9pz\u00e9sek megval\u00f3s\u00edt\u00e1sa a Camilleon Kft-n\u00e9l PROJEKT R\u00d6VID BEMUTAT\u00c1SA: Jelen projekt keret\u00e9ben a hum\u00e1ner\u0151forr\u00e1s fejleszt\u00e9s\u00e9hez kapcsol\u00f3d\u00f3an az al\u00e1bbi tev\u00e9kenys\u00e9gek val\u00f3sultak meg, amelyek a COVID-19 miatt kisebb-nagyobb m\u00e9rt\u00e9kben v\u00e1ltoztak az eredetileg tervezett tev\u00e9kenys\u00e9gekhez k\u00e9pest: 1. Projekt el\u0151k\u00e9sz\u00edt\u00e9si k\u00f6lts\u00e9g: a k\u00e9pz\u00e9si terv kialak\u00edt\u00e1s\u00e1t, az el\u0151zetes ig\u00e9nyfelm\u00e9r\u00e9s elk\u00e9sz\u00edt\u00e9s\u00e9t tartalmazta a 756 000,- Ft. A k\u00e9pz\u00e9sek \u00f6ssze\u00e1ll\u00edt\u00e1s\u00e1t megel\u0151z\u0151en&hellip;&nbsp;Read&hellip;","_links":{"self":[{"href":"https:\/\/camilleon.hu\/index.php?rest_route=\/wp\/v2\/pages\/2494","targetHints":{"allow":["GET"]}}],"collection":[{"href":"https:\/\/camilleon.hu\/index.php?rest_route=\/wp\/v2\/pages"}],"about":[{"href":"https:\/\/camilleon.hu\/index.php?rest_route=\/wp\/v2\/types\/page"}],"author":[{"embeddable":true,"href":"https:\/\/camilleon.hu\/index.php?rest_route=\/wp\/v2\/users\/1"}],"replies":[{"embeddable":true,"href":"https:\/\/camilleon.hu\/index.php?rest_route=%2Fwp%2Fv2%2Fcomments&post=2494"}],"version-history":[{"count":21,"href":"https:\/\/camilleon.hu\/index.php?rest_route=\/wp\/v2\/pages\/2494\/revisions"}],"predecessor-version":[{"id":2529,"href":"https:\/\/camilleon.hu\/index.php?rest_route=\/wp\/v2\/pages\/2494\/revisions\/2529"}],"wp:attachment":[{"href":"https:\/\/camilleon.hu\/index.php?rest_route=%2Fwp%2Fv2%2Fmedia&parent=2494"}],"curies":[{"name":"wp","href":"https:\/\/api.w.org\/{rel}","templated":true}]}}