{"id":345,"date":"2022-07-30T10:52:27","date_gmt":"2022-07-30T10:52:27","guid":{"rendered":"https:\/\/camilleon.hu\/?page_id=345"},"modified":"2022-09-27T12:57:36","modified_gmt":"2022-09-27T12:57:36","slug":"eszkozberuhazasi-tamogatas","status":"publish","type":"page","link":"https:\/\/camilleon.hu\/?page_id=345","title":{"rendered":"Eszk\u00f6zberuh\u00e1z\u00e1si t\u00e1mogat\u00e1s"},"content":{"rendered":"\t\t<div data-elementor-type=\"wp-page\" data-elementor-id=\"345\" class=\"elementor elementor-345\">\n\t\t\t\t\t\t<header class=\"elementor-section elementor-top-section elementor-element elementor-element-4a67ea13 elementor-section-content-middle animated-slow elementor-section-full_width elementor-section-stretched elementor-section-height-default elementor-section-height-default elementor-invisible\" data-id=\"4a67ea13\" data-element_type=\"section\" data-settings=\"{&quot;background_background&quot;:&quot;classic&quot;,&quot;shape_divider_bottom&quot;:&quot;arrow&quot;,&quot;shape_divider_bottom_negative&quot;:&quot;yes&quot;,&quot;animation&quot;:&quot;fadeIn&quot;,&quot;stretch_section&quot;:&quot;section-stretched&quot;}\">\n\t\t\t\t\t\t\t<div class=\"elementor-background-overlay\"><\/div>\n\t\t\t\t\t\t<div class=\"elementor-shape elementor-shape-bottom\" aria-hidden=\"true\" data-negative=\"true\">\n\t\t\t<svg xmlns=\"http:\/\/www.w3.org\/2000\/svg\" viewBox=\"0 0 700 10\" preserveAspectRatio=\"none\">\n\t<path class=\"elementor-shape-fill\" d=\"M360 0L350 9.9 340 0 0 0 0 10 700 10 700 0\"\/>\n<\/svg>\t\t<\/div>\n\t\t\t\t\t<div class=\"elementor-container elementor-column-gap-default\">\n\t\t\t\t\t<div class=\"elementor-column elementor-col-100 elementor-top-column elementor-element elementor-element-aecee76\" data-id=\"aecee76\" data-element_type=\"column\">\n\t\t\t<div class=\"elementor-widget-wrap elementor-element-populated\">\n\t\t\t\t\t\t<div class=\"elementor-element elementor-element-416a020b elementor-widget elementor-widget-heading\" data-id=\"416a020b\" data-element_type=\"widget\" data-widget_type=\"heading.default\">\n\t\t\t\t<div class=\"elementor-widget-container\">\n\t\t\t\t\t<h2 class=\"elementor-heading-title elementor-size-default\">P\u00e1ly\u00e1zatok<\/h2>\t\t\t\t<\/div>\n\t\t\t\t<\/div>\n\t\t\t\t\t<\/div>\n\t\t<\/div>\n\t\t\t\t\t<\/div>\n\t\t<\/header>\n\t\t\t\t<section class=\"elementor-section elementor-top-section elementor-element elementor-element-329e181a elementor-section-full_width elementor-section-stretched elementor-section-height-default elementor-section-height-default\" data-id=\"329e181a\" data-element_type=\"section\" data-settings=\"{&quot;stretch_section&quot;:&quot;section-stretched&quot;}\">\n\t\t\t\t\t\t<div class=\"elementor-container elementor-column-gap-default\">\n\t\t\t\t\t<div class=\"elementor-column elementor-col-100 elementor-top-column elementor-element elementor-element-2ea90e2c\" data-id=\"2ea90e2c\" data-element_type=\"column\">\n\t\t\t<div class=\"elementor-widget-wrap elementor-element-populated\">\n\t\t\t\t\t\t<div class=\"elementor-element elementor-element-35dfadfb elementor-widget elementor-widget-heading\" data-id=\"35dfadfb\" data-element_type=\"widget\" data-widget_type=\"heading.default\">\n\t\t\t\t<div class=\"elementor-widget-container\">\n\t\t\t\t\t<h3 class=\"elementor-heading-title elementor-size-default\">\u201eMikro-, kis- \u00e9s k\u00f6z\u00e9pv\u00e1llalkoz\u00e1sok eszk\u00f6zberuh\u00e1z\u00e1sainak t\u00e1mogat\u00e1sa Pest megye ter\u00fclet\u00e9n\"<\/h3>\t\t\t\t<\/div>\n\t\t\t\t<\/div>\n\t\t\t\t\t<\/div>\n\t\t<\/div>\n\t\t\t\t\t<\/div>\n\t\t<\/section>\n\t\t\t\t<section class=\"elementor-section elementor-top-section elementor-element elementor-element-cb5073e elementor-section-full_width elementor-section-stretched elementor-section-height-default elementor-section-height-default\" data-id=\"cb5073e\" data-element_type=\"section\" data-settings=\"{&quot;stretch_section&quot;:&quot;section-stretched&quot;}\">\n\t\t\t\t\t\t<div class=\"elementor-container elementor-column-gap-default\">\n\t\t\t\t\t<div class=\"elementor-column elementor-col-66 elementor-top-column elementor-element elementor-element-fdb5d17\" data-id=\"fdb5d17\" data-element_type=\"column\">\n\t\t\t<div class=\"elementor-widget-wrap elementor-element-populated\">\n\t\t\t\t\t\t<div class=\"elementor-element elementor-element-78920af elementor-widget__width-initial elementor-widget elementor-widget-heading\" data-id=\"78920af\" data-element_type=\"widget\" data-widget_type=\"heading.default\">\n\t\t\t\t<div class=\"elementor-widget-container\">\n\t\t\t\t\t<h3 class=\"elementor-heading-title elementor-size-default\">PROJEKT R\u00d6VID BEMUTAT\u00c1SA:<\/h3>\t\t\t\t<\/div>\n\t\t\t\t<\/div>\n\t\t\t\t<div class=\"elementor-element elementor-element-112b967 elementor-widget elementor-widget-spacer\" data-id=\"112b967\" data-element_type=\"widget\" data-widget_type=\"spacer.default\">\n\t\t\t\t<div class=\"elementor-widget-container\">\n\t\t\t\t\t\t\t<div class=\"elementor-spacer\">\n\t\t\t<div class=\"elementor-spacer-inner\"><\/div>\n\t\t<\/div>\n\t\t\t\t\t\t<\/div>\n\t\t\t\t<\/div>\n\t\t\t\t<div class=\"elementor-element elementor-element-eca67db elementor-widget elementor-widget-text-editor\" data-id=\"eca67db\" data-element_type=\"widget\" data-widget_type=\"text-editor.default\">\n\t\t\t\t<div class=\"elementor-widget-container\">\n\t\t\t\t\t\t\t\t\t<p><span style=\"font-weight: 400;\">Projekt le\u00edr\u00e1sa: DEES Hydraulic HD-300 Nagym\u00e9ret\u0171 illeszt\u0151pr\u00e9s beszerz\u00e9se<br><\/span><\/p>\n<p><span style=\"font-weight: 400;\">A projekt c\u00e9lja: a Camilleon Kft. hal\u00e1sztelki telephely\u00e9nek fejleszt\u00e9se, \u00faj csarnok\u00e9p\u00fclet fel\u00e9p\u00edt\u00e9se p\u00e1ly\u00e1zat eredm\u00e9nyek\u00e9nt, a 2010 \u00f3ta Hal\u00e1sztelken fel\u00e9p\u00fclt csarnokunk mell\u00e9 egy \u00faj, klimatiz\u00e1lt \u00fczemcsarnokot \u00e9p\u00edt\u00fcnk fel, amely alkalmas max. 40t-s alkatr\u00e9szek mozgat\u00e1s\u00e1ra, valamint az ilyen t\u00f6meg\u0171 szersz\u00e1mok szerel\u00e9si, illeszt\u00e9si feladatainak ell\u00e1t\u00e1s\u00e1ra. Az \u00faj csarnokban megtal\u00e1lhat\u00f3 majd egy 2x20t terhelhet\u0151s\u00e9g\u0171 \u00e9s egy 10t terhelhet\u0151s\u00e9g\u0171 daru is.<\/span><\/p>\t\t\t\t\t\t\t\t<\/div>\n\t\t\t\t<\/div>\n\t\t\t\t\t<\/div>\n\t\t<\/div>\n\t\t\t\t<div class=\"elementor-column elementor-col-33 elementor-top-column elementor-element elementor-element-d91afe9\" data-id=\"d91afe9\" data-element_type=\"column\">\n\t\t\t<div class=\"elementor-widget-wrap elementor-element-populated\">\n\t\t\t\t\t\t<div class=\"elementor-element elementor-element-25d4ecc elementor-widget elementor-widget-image\" data-id=\"25d4ecc\" data-element_type=\"widget\" data-widget_type=\"image.default\">\n\t\t\t\t<div class=\"elementor-widget-container\">\n\t\t\t\t\t\t\t\t\t\t\t\t\t\t\t<img fetchpriority=\"high\" decoding=\"async\" width=\"690\" height=\"1077\" src=\"https:\/\/camilleon.hu\/wp-content\/uploads\/2022\/07\/logok.png\" class=\"attachment-full size-full wp-image-361\" alt=\"\" srcset=\"https:\/\/camilleon.hu\/wp-content\/uploads\/2022\/07\/logok.png 690w, https:\/\/camilleon.hu\/wp-content\/uploads\/2022\/07\/logok-192x300.png 192w, https:\/\/camilleon.hu\/wp-content\/uploads\/2022\/07\/logok-656x1024.png 656w\" sizes=\"(max-width: 690px) 100vw, 690px\" \/>\t\t\t\t\t\t\t\t\t\t\t\t\t\t\t<\/div>\n\t\t\t\t<\/div>\n\t\t\t\t\t<\/div>\n\t\t<\/div>\n\t\t\t\t\t<\/div>\n\t\t<\/section>\n\t\t\t\t<section class=\"elementor-section elementor-top-section elementor-element elementor-element-72b0851a elementor-section-full_width elementor-section-stretched elementor-section-height-default elementor-section-height-default\" data-id=\"72b0851a\" data-element_type=\"section\" data-settings=\"{&quot;stretch_section&quot;:&quot;section-stretched&quot;}\">\n\t\t\t\t\t\t<div class=\"elementor-container elementor-column-gap-default\">\n\t\t\t\t\t<div class=\"elementor-column elementor-col-20 elementor-top-column elementor-element elementor-element-6fac35a4\" data-id=\"6fac35a4\" data-element_type=\"column\">\n\t\t\t<div class=\"elementor-widget-wrap elementor-element-populated\">\n\t\t\t\t\t\t<div class=\"elementor-element elementor-element-1c755059 elementor-widget__width-initial elementor-widget elementor-widget-heading\" data-id=\"1c755059\" data-element_type=\"widget\" data-widget_type=\"heading.default\">\n\t\t\t\t<div class=\"elementor-widget-container\">\n\t\t\t\t\t<h3 class=\"elementor-heading-title elementor-size-default\">PROJEKT AZONOS\u00cdT\u00d3 SZ\u00c1MA:<\/h3>\t\t\t\t<\/div>\n\t\t\t\t<\/div>\n\t\t\t\t<div class=\"elementor-element elementor-element-254b475d elementor-widget elementor-widget-text-editor\" data-id=\"254b475d\" data-element_type=\"widget\" data-widget_type=\"text-editor.default\">\n\t\t\t\t<div class=\"elementor-widget-container\">\n\t\t\t\t\t\t\t\t\t<p>PM_KKVESZKOZ_2017\/172<\/p>\t\t\t\t\t\t\t\t<\/div>\n\t\t\t\t<\/div>\n\t\t\t\t\t<\/div>\n\t\t<\/div>\n\t\t\t\t<div class=\"elementor-column elementor-col-20 elementor-top-column elementor-element elementor-element-bf0a7ee\" data-id=\"bf0a7ee\" data-element_type=\"column\">\n\t\t\t<div class=\"elementor-widget-wrap elementor-element-populated\">\n\t\t\t\t\t\t<div class=\"elementor-element elementor-element-1c3d427a elementor-widget__width-initial elementor-widget elementor-widget-heading\" data-id=\"1c3d427a\" data-element_type=\"widget\" data-widget_type=\"heading.default\">\n\t\t\t\t<div class=\"elementor-widget-container\">\n\t\t\t\t\t<h3 class=\"elementor-heading-title elementor-size-default\">A PROJEKT MEGVAL\u00d3S\u00cdT\u00c1SI ID\u0150SZAKA<\/h3>\t\t\t\t<\/div>\n\t\t\t\t<\/div>\n\t\t\t\t<div class=\"elementor-element elementor-element-5fd5856b elementor-widget elementor-widget-text-editor\" data-id=\"5fd5856b\" data-element_type=\"widget\" data-widget_type=\"text-editor.default\">\n\t\t\t\t<div class=\"elementor-widget-container\">\n\t\t\t\t\t\t\t\t\t<p><span style=\"font-weight: 400;\">2018.05.01. \u2013 2019.03.30.<\/span><\/p>\t\t\t\t\t\t\t\t<\/div>\n\t\t\t\t<\/div>\n\t\t\t\t\t<\/div>\n\t\t<\/div>\n\t\t\t\t<div class=\"elementor-column elementor-col-20 elementor-top-column elementor-element elementor-element-3986792\" data-id=\"3986792\" data-element_type=\"column\">\n\t\t\t<div class=\"elementor-widget-wrap elementor-element-populated\">\n\t\t\t\t\t\t<div class=\"elementor-element elementor-element-6760db0c elementor-widget__width-initial elementor-widget elementor-widget-heading\" data-id=\"6760db0c\" data-element_type=\"widget\" data-widget_type=\"heading.default\">\n\t\t\t\t<div class=\"elementor-widget-container\">\n\t\t\t\t\t<h3 class=\"elementor-heading-title elementor-size-default\">T\u00c1MOGAT\u00c1S INTEZNIT\u00c1SA:<\/h3>\t\t\t\t<\/div>\n\t\t\t\t<\/div>\n\t\t\t\t<div class=\"elementor-element elementor-element-78ffb45a elementor-widget elementor-widget-text-editor\" data-id=\"78ffb45a\" data-element_type=\"widget\" data-widget_type=\"text-editor.default\">\n\t\t\t\t<div class=\"elementor-widget-container\">\n\t\t\t\t\t\t\t\t\t<p><span style=\"font-weight: 400;\">44 %<\/span><\/p>\t\t\t\t\t\t\t\t<\/div>\n\t\t\t\t<\/div>\n\t\t\t\t\t<\/div>\n\t\t<\/div>\n\t\t\t\t<div class=\"elementor-column elementor-col-20 elementor-top-column elementor-element elementor-element-76af2548\" data-id=\"76af2548\" data-element_type=\"column\">\n\t\t\t<div class=\"elementor-widget-wrap elementor-element-populated\">\n\t\t\t\t\t\t<div class=\"elementor-element elementor-element-77a39cf elementor-widget__width-initial elementor-widget elementor-widget-heading\" data-id=\"77a39cf\" data-element_type=\"widget\" data-widget_type=\"heading.default\">\n\t\t\t\t<div class=\"elementor-widget-container\">\n\t\t\t\t\t<h3 class=\"elementor-heading-title elementor-size-default\">SZERZ\u0150D\u00d6TT T\u00c1MOGAT\u00c1S \u00d6SSZEGE:\n<\/h3>\t\t\t\t<\/div>\n\t\t\t\t<\/div>\n\t\t\t\t<div class=\"elementor-element elementor-element-36f90809 elementor-widget elementor-widget-text-editor\" data-id=\"36f90809\" data-element_type=\"widget\" data-widget_type=\"text-editor.default\">\n\t\t\t\t<div class=\"elementor-widget-container\">\n\t\t\t\t\t\t\t\t\t<p><span style=\"font-weight: 400;\">60 000 000 Ft.<\/span><\/p>\t\t\t\t\t\t\t\t<\/div>\n\t\t\t\t<\/div>\n\t\t\t\t\t<\/div>\n\t\t<\/div>\n\t\t\t\t<div class=\"elementor-column elementor-col-20 elementor-top-column elementor-element elementor-element-8206543\" data-id=\"8206543\" data-element_type=\"column\">\n\t\t\t<div class=\"elementor-widget-wrap elementor-element-populated\">\n\t\t\t\t\t\t<div class=\"elementor-element elementor-element-33f6a3b elementor-widget__width-initial elementor-widget elementor-widget-heading\" data-id=\"33f6a3b\" data-element_type=\"widget\" data-widget_type=\"heading.default\">\n\t\t\t\t<div class=\"elementor-widget-container\">\n\t\t\t\t\t<h3 class=\"elementor-heading-title elementor-size-default\">MEGVAL\u00d3S\u00cdT\u00c1S HELYE<\/h3>\t\t\t\t<\/div>\n\t\t\t\t<\/div>\n\t\t\t\t<div class=\"elementor-element elementor-element-31acfd0 elementor-widget elementor-widget-text-editor\" data-id=\"31acfd0\" data-element_type=\"widget\" data-widget_type=\"text-editor.default\">\n\t\t\t\t<div class=\"elementor-widget-container\">\n\t\t\t\t\t\t\t\t\t<p><span style=\"font-weight: 400;\">2314 Hal\u00e1sztelek HRSZ 5004<\/span><\/p>\t\t\t\t\t\t\t\t<\/div>\n\t\t\t\t<\/div>\n\t\t\t\t\t<\/div>\n\t\t<\/div>\n\t\t\t\t\t<\/div>\n\t\t<\/section>\n\t\t\t\t<section class=\"elementor-section elementor-top-section elementor-element elementor-element-a33eef3 elementor-section-full_width elementor-section-stretched elementor-section-height-default elementor-section-height-default\" data-id=\"a33eef3\" data-element_type=\"section\" data-settings=\"{&quot;stretch_section&quot;:&quot;section-stretched&quot;}\">\n\t\t\t\t\t\t<div class=\"elementor-container elementor-column-gap-default\">\n\t\t\t\t\t<div class=\"elementor-column elementor-col-100 elementor-top-column elementor-element elementor-element-fee2cd1\" data-id=\"fee2cd1\" data-element_type=\"column\">\n\t\t\t<div class=\"elementor-widget-wrap elementor-element-populated\">\n\t\t\t\t\t\t<div class=\"elementor-element elementor-element-eb89e1c elementor-widget elementor-widget-text-editor\" data-id=\"eb89e1c\" data-element_type=\"widget\" data-widget_type=\"text-editor.default\">\n\t\t\t\t<div class=\"elementor-widget-container\">\n\t\t\t\t\t\t\t\t\t<p style=\"text-align: center;\"><span style=\"font-weight: 400;\">A BERUH\u00c1Z\u00c1S PEST MEGYE TER\u00dcLETFEJLESZT\u00c9SI PROGRAMJA KERET\u00c9BEN A PEST MEGYEI FEJLESZT\u00c9SI EL\u0150IR\u00c1NYZAT\u00c1B\u00d3L VAL\u00d3SUL MEG.<\/span><\/p>\t\t\t\t\t\t\t\t<\/div>\n\t\t\t\t<\/div>\n\t\t\t\t\t<\/div>\n\t\t<\/div>\n\t\t\t\t\t<\/div>\n\t\t<\/section>\n\t\t\t\t<\/div>\n\t\t","protected":false},"excerpt":{"rendered":"<p>P\u00e1ly\u00e1zatok \u201eMikro-, kis- \u00e9s k\u00f6z\u00e9pv\u00e1llalkoz\u00e1sok eszk\u00f6zberuh\u00e1z\u00e1sainak t\u00e1mogat\u00e1sa Pest megye ter\u00fclet\u00e9n&#8221; PROJEKT R\u00d6VID BEMUTAT\u00c1SA: Projekt le\u00edr\u00e1sa: DEES Hydraulic HD-300 Nagym\u00e9ret\u0171 illeszt\u0151pr\u00e9s beszerz\u00e9se A projekt c\u00e9lja: a Camilleon Kft. hal\u00e1sztelki telephely\u00e9nek fejleszt\u00e9se, \u00faj csarnok\u00e9p\u00fclet fel\u00e9p\u00edt\u00e9se p\u00e1ly\u00e1zat eredm\u00e9nyek\u00e9nt, a 2010 \u00f3ta Hal\u00e1sztelken fel\u00e9p\u00fclt csarnokunk mell\u00e9 egy \u00faj, klimatiz\u00e1lt \u00fczemcsarnokot \u00e9p\u00edt\u00fcnk fel, amely alkalmas max. 40t-s alkatr\u00e9szek mozgat\u00e1s\u00e1ra, valamint&hellip;&nbsp;<a href=\"https:\/\/camilleon.hu\/?page_id=345\" class=\"\" rel=\"bookmark\">Read More &raquo;<span class=\"screen-reader-text\">Eszk\u00f6zberuh\u00e1z\u00e1si t\u00e1mogat\u00e1s<\/span><\/a><\/p>\n","protected":false},"author":1,"featured_media":0,"parent":0,"menu_order":0,"comment_status":"closed","ping_status":"closed","template":"","meta":{"neve_meta_sidebar":"","neve_meta_container":"","neve_meta_enable_content_width":"","neve_meta_content_width":0,"neve_meta_title_alignment":"","neve_meta_author_avatar":"","neve_post_elements_order":"","neve_meta_disable_header":"","neve_meta_disable_footer":"","neve_meta_disable_title":"on","pgc_sgb_lightbox_settings":"","footnotes":""},"class_list":["post-345","page","type-page","status-publish","hentry"],"rttpg_featured_image_url":null,"rttpg_author":{"display_name":"camilleon","author_link":"https:\/\/camilleon.hu\/?author=1"},"rttpg_comment":0,"rttpg_category":" <a href=\"https:\/\/camilleon.hu\/\" rel=\"tag\">Magyar<\/a>","rttpg_excerpt":"P\u00e1ly\u00e1zatok \u201eMikro-, kis- \u00e9s k\u00f6z\u00e9pv\u00e1llalkoz\u00e1sok eszk\u00f6zberuh\u00e1z\u00e1sainak t\u00e1mogat\u00e1sa Pest megye ter\u00fclet\u00e9n&#8221; PROJEKT R\u00d6VID BEMUTAT\u00c1SA: Projekt le\u00edr\u00e1sa: DEES Hydraulic HD-300 Nagym\u00e9ret\u0171 illeszt\u0151pr\u00e9s beszerz\u00e9se A projekt c\u00e9lja: a Camilleon Kft. hal\u00e1sztelki telephely\u00e9nek fejleszt\u00e9se, \u00faj csarnok\u00e9p\u00fclet fel\u00e9p\u00edt\u00e9se p\u00e1ly\u00e1zat eredm\u00e9nyek\u00e9nt, a 2010 \u00f3ta Hal\u00e1sztelken fel\u00e9p\u00fclt csarnokunk mell\u00e9 egy \u00faj, klimatiz\u00e1lt \u00fczemcsarnokot \u00e9p\u00edt\u00fcnk fel, amely alkalmas max. 40t-s alkatr\u00e9szek mozgat\u00e1s\u00e1ra, valamint&hellip;&nbsp;Read&hellip;","_links":{"self":[{"href":"https:\/\/camilleon.hu\/index.php?rest_route=\/wp\/v2\/pages\/345","targetHints":{"allow":["GET"]}}],"collection":[{"href":"https:\/\/camilleon.hu\/index.php?rest_route=\/wp\/v2\/pages"}],"about":[{"href":"https:\/\/camilleon.hu\/index.php?rest_route=\/wp\/v2\/types\/page"}],"author":[{"embeddable":true,"href":"https:\/\/camilleon.hu\/index.php?rest_route=\/wp\/v2\/users\/1"}],"replies":[{"embeddable":true,"href":"https:\/\/camilleon.hu\/index.php?rest_route=%2Fwp%2Fv2%2Fcomments&post=345"}],"version-history":[{"count":29,"href":"https:\/\/camilleon.hu\/index.php?rest_route=\/wp\/v2\/pages\/345\/revisions"}],"predecessor-version":[{"id":1919,"href":"https:\/\/camilleon.hu\/index.php?rest_route=\/wp\/v2\/pages\/345\/revisions\/1919"}],"wp:attachment":[{"href":"https:\/\/camilleon.hu\/index.php?rest_route=%2Fwp%2Fv2%2Fmedia&parent=345"}],"curies":[{"name":"wp","href":"https:\/\/api.w.org\/{rel}","templated":true}]}}